ds digit of d(10)?
2
Suppose -568 = -3*m + y, 0 = 4*m - 2*m + 3*y - 386. What is the tens digit of m?
9
Suppose 2*v = 6*q - q - 8730, 0 = v + 5. What is the hundreds digit of (q/12 - 1) + (-6)/(-9)?
1
Let l(q) be the third derivative of -q**5/60 + q**4/24 + 34*q**3/3 - 10*q**2. Let w be (-1 + 1)/(-5 - -6). What is the tens digit of l(w)?
6
What is the thousands digit of 1357 + (2 - (10 + -2))?
1
Let z be (6 + 2)*1/2. Suppose -4*j + 200 = z*w, 5*w - 2*w - 3*j - 138 = 0. What is the tens digit of w?
4
Let k be 1/4*(10 - 6) - -1. Suppose -k*n = 60 - 182. What is the tens digit of n?
6
Let c(k) = -2*k**2 + 28*k + 11. Let j be c(14). What is the tens digit of (-55 + 37)/(9/j - 1)?
9
Suppose -i + 3*i - 8 = -2*n, 4*i = 3*n + 2. Let b be (5 - 1)*(n - 1). Suppose 0*g + b*g - 12 = 0. What is the units digit of g?
3
Let l be -2*(4 - -2)/(-3). What is the tens digit of l/(12/327) + 1?
1
Suppose 4*d - 4*k - 12 = 0, -12 = -5*d + k + 7. Suppose d - 8 = -w. Suppose w*q - 31 = 29. What is the units digit of q?
5
Let n = 681 - 248. Let w be (-16 + n)/((-1)/15). What is the tens digit of (-2)/11 - w/99?
6
Suppose 3*n = 3*k + 885, -2*n + 5*k = -0*k - 599. What is the hundreds digit of n?
2
Let j(d) = 2*d + 17. Let s be j(-7). Suppose -s*c - 12 = -39. Let q = 6 + c. What is the units digit of q?
5
Let t(p) = 420*p**3 + 2*p - 2. What is the hundreds digit of t(1)?
4
What is the hundreds digit of (-52)/(345/70 - 5)?
7
Suppose -1005 = -16*t + 4531. What is the tens digit of t?
4
Let q(n) = n**3 + 20*n**2 - 25*n + 47. Suppose 107 = -5*u - f, 0*f + 57 = -3*u + 3*f. What is the hundreds digit of q(u)?
1
Let l = 8 + -5. Suppose -7*h + 20 = -3*h, t + 79 = l*h. Let j = -42 - t. What is the units digit of j?
2
Suppose 0 = 8*d - 3*d + 3*k - 40, k = -5*d + 50. Suppose 0 = -n + 16 + d. Let q = n - 15. What is the units digit of q?
2
Let m be 64 + -2 + (-1 - 2). Let a = m + -36. What is the tens digit of a?
2
Let q(k) = -7*k**3 + 12*k**2 + 22*k + 12. Let n(m) = m**3 - m - 1. Let r(c) = 6*n(c) + q(c). What is the tens digit of r(13)?
4
Let i = 170 - 51. Let f = i + 36. What is the tens digit of f?
5
Let k(s) = 5*s**2 + 29*s. What is the hundreds digit of k(9)?
6
Suppose -9 = 3*k + 9. Let a = k - -2. Let f = 16 + a. What is the tens digit of f?
1
Suppose 0 = -2*x + 3*h - 47, -4*x = -0*x + 5*h + 39. Suppose 2*m + 6 + 80 = 0. Let b = x - m. What is the units digit of b?
7
Let p be (42/2)/(-3 - (-396)/136). What is the tens digit of p/(-6) + 7/21?
4
Suppose -4303 = -164*c + 151*c. What is the units digit of c?
1
Suppose -4*i - 28 = -4*q, -3*q - i - i = -6. Suppose -q*w - 3*z = -207, -250 = -5*w - 0*w + 5*z. What is the units digit of w?
1
Suppose -y + 32 = -4*g, y - g = 2*g + 31. Let r(f) = f**3 + 7*f**2 - 6*f - 8. Let n be r(-8). Let t = y + n. What is the units digit of t?
4
Let g(u) = -8*u**2 + 2*u - 2. Let s be (-100)/(-55) - 6/(-33). Let x be g(s). Let c = -21 - x. What is the units digit of c?
9
Suppose -21*h + 2*h = -1387. What is the units digit of h?
3
What is the units digit of (-16254)/(-10) + -2 + 60/(-150)?
3
Let m(g) = -3*g**3 - 13*g**2 + 31*g + 309. What is the tens digit of m(-12)?
4
Let r(z) = -17*z + 24. Let c(m) = -m**2 + 6*m + 19. Let p be c(9). What is the hundreds digit of r(p)?
1
Suppose -2*d - 4 = -0. Suppose -4*o = -j - 6, 4*o = -3*j + 7*j + 24. What is the tens digit of 14*3/j*d?
1
Suppose 4*m + m + 2*h = 141, -m = -h - 31. What is the units digit of m?
9
Let o(n) be the first derivative of 10*n**2 - 2. Let w be o(3). Let k = -42 + w. What is the tens digit of k?
1
Let o(d) be the second derivative of -10*d - 1/2*d**2 + 0 - 1/3*d**3. What is the units digit of o(-5)?
9
Let r(j) = 17 - 3*j + 0*j + 2 + 0. Let z be r(7). Let x(g) = -3*g**3 - g**2 - 3*g - 4. What is the units digit of x(z)?
2
Let s(m) = -m**3 - m**2 + 12. Let h be s(0). Suppose -h = v - 44. Let g = -3 + v. What is the tens digit of g?
2
What is the tens digit of (-36)/(-9)*(-2 + 3)*89?
5
Let u(f) = 1259*f**2 + 1. Let p be u(1). Suppose -7*j = -j - p. What is the hundreds digit of j?
2
Let o(j) = 11*j**3 + 3*j**2 + 5*j - 4. Let z be o(-3). Let k = -205 - z. Let g = k - 48. What is the tens digit of g?
3
Suppose 0*p = 5*p - 10. Let w be (2 + -1)/((-4)/(-16)). What is the units digit of w*(p + 14/4)?
2
Let i(c) = 207*c**2 - 18*c + 33. What is the hundreds digit of i(2)?
8
Let o = 4924 - 2617. What is the hundreds digit of o?
3
Let q = -482 - -590. What is the hundreds digit of q?
1
Let x(y) be the second derivative of y**6/80 - y**5/10 - 2*y**4/3 + 6*y. Let l(s) be the third derivative of x(s). What is the units digit of l(9)?
9
What is the thousands digit of 51418/20 - 58/(-580)?
2
Let g(h) = -2*h**2 + 144*h - 5. What is the thousands digit of g(31)?
2
What is the units digit of (1624/21)/8*183?
9
Suppose 5*g - q - 3328 = 0, 4*q = -2*g + g + 674. What is the tens digit of g?
6
Let w be (-10)/35*(-16 + 2). Let n(b) = 8*b**2 + b + 3. What is the hundreds digit of n(w)?
1
Let s be (18/(-2) - -3)*1. Let k(w) = -w**2 - 6*w - 8. Let j be k(s). Let d = j - -14. What is the units digit of d?
6
Let o = -820 - -1550. What is the tens digit of o?
3
Let n = -213 - -625. What is the tens digit of n?
1
Suppose 5*d - 10 = 0, 2*s - 2*d - 1449 = -339. What is the tens digit of s?
5
Suppose k + 4 - 7 = 0. Suppose -i + k*u + 0*u = -2, -2*i - 2*u + 28 = 0. Let f = 33 - i. What is the tens digit of f?
2
Let w be 0*((-2)/(-4) - 0). Suppose j = 2 - 0. Suppose j*d - 106 = -4*z, w*z + 131 = 5*z + d. What is the units digit of z?
6
Let i(v) = 40*v - 4. Let j(h) = -h**3 + 10*h**2 - 10*h + 11. Let x be j(9). What is the units digit of i(x)?
6
Suppose -147 = -3*r - 3*v + 2*v, -4*r + 4*v + 180 = 0. Suppose 3*f + r = 4*b + 5*f, -3*f + 6 = 0. What is the units digit of b?
1
Let w be (-3)/2*(-2)/1. What is the tens digit of (w - (-3 - -5))*(-2 + 15)?
1
Suppose 4 - 5 = -y + h, 0 = 5*y + 3*h - 21. Suppose -q + y*w + 28 - 2 = 0, -2*w = 5*q - 147. What is the units digit of q?
9
What is the units digit of 33*(-9 - (-5 + -7))?
9
Let a(j) be the first derivative of j**3/3 + 5*j**2 - 6*j - 10. What is the hundreds digit of a(7)?
1
Let d be (-3)/4*(0 + -4). Suppose -4*z - 5*r + 17 = 0, d*r = -z + 6*r. Suppose 5*u = -w + 45, 0 = -z*w - 2*u - 3*u + 115. What is the tens digit of w?
3
Suppose -3*j + 5*j = 0. Let v be (j/(-1) + -3)*-4. Suppose 2*f = 5*p - 143, -p + 2*f = -v - 15. What is the tens digit of p?
2
Suppose 0 = 14*b - 13*b - 6. Let l = -6 - b. Let w = l - -46. What is the units digit of w?
4
Suppose 3*i + 505 = 5*u + 2*i, -2*u - 4*i + 224 = 0. Suppose 0 = -3*o - 9, -2*y = -4*y + 4*o + u. What is the units digit of y?
5
What is the units digit of (12/528*11)/((-1)/(-772))?
3
Let n(y) = 3*y - 9. Let t(p) = 10*p - 26. Let j(r) = 7*n(r) - 2*t(r). Let z be j(13). What is the units digit of ((-3)/z)/(6/(-8))?
2
Suppose -5*r = -15 - 20. Let z be 2 + 0 - (1 + r). Let t = -3 - z. What is the units digit of t?
3
Let i(y) be the third derivative of 43*y**6/120 - y**5/60 + y**3/6 - 3*y**2. Let t = 145 + -144. What is the tens digit of i(t)?
4
Suppose 19*f - 339 = 2264. What is the units digit of f?
7
Let z be 14/(-63) - (-227)/9. Let m = z - 13. Suppose -c + 0*s - 3*s + 28 = 0, 0 = 4*s - m. What is the tens digit of c?
1
Suppose 6*q = q + 4*o + 132, 32 = q + 2*o. What is the units digit of q/5 - 22/(-55)?
6
Suppose 3*u = -2*h + 21 + 39, -2*u + 40 = 5*h. What is the tens digit of (2*u)/(2/4)?
8
Suppose 4*t - 130 - 890 = 0. What is the tens digit of t?
5
Let q be (18/(-45))/(1/(-100)). What is the units digit of 126*(1/(-8))/((-10)/q)?
3
Let o(y) = 20*y**2 + 23*y - 31. What is the hundreds digit of o(11)?
6
Let j(n) = 26*n**3 + 3*n**2 + 4*n + 2. Let x be j(-1). What is the units digit of (-1 - 99)*((-80)/x + -4)?
0
What is the units digit of 8 + 10/(-2) - -22*39?
1
Suppose 2*o - 46 = -4*s, 2*o + 3 = -o. Let y = s + 18. What is the units digit of y?
0
Suppose x + 0*h - 3*h - 6 = 0, 2*x + 3*h - 3 = 0. Let l = -33 + 21. What is the tens digit of 0/(-1) - (l - x)?
1
Let t = 19 + -20. Let k = t + 21. What is the tens digit of 1/(-4) - (-325)/k?
1
Suppose 3*c = 9, 647 = 3*p - 2*c - 1165. Suppose 11*y - 384 = p. What is the units digit of y?
0
Suppose -2*r + 7 + 1 = 5*i, -3*i + 2 = 4*r. Let s(p) = i*p**2 - 2*p + 1 - 3*p + p. What is the units di